
69
Calculate the remainder when 3388 is divided by 1694.
0
Calculate the remainder when 23 is divided by 6.
5
Calculate the remainder when 1470 is divided by 22.
18
What is the remainder when 232 is divided by 48?
40
Calculate the remainder when 3773 is divided by 6.
5
What is the remainder when 25557 is divided by 8?
5
What is the remainder when 2814 is divided by 176?
174
Calculate the remainder when 277 is divided by 72.
61
Calculate the remainder when 4938 is divided by 19.
17
What is the remainder when 295 is divided by 63?
43
What is the remainder when 19 is divided by 17?
2
Calculate the remainder when 6549 is divided by 52.
49
What is the remainder when 495 is divided by 50?
45
Calculate the remainder when 573 is divided by 12.
9
What is the remainder when 323 is divided by 54?
53
Calculate the remainder when 61 is divided by 32.
29
What is the remainder when 4617 is divided by 21?
18
Calculate the remainder when 463 is divided by 193.
77
What is the remainder when 264 is divided by 14?
12
Calculate the remainder when 90 is divided by 39.
12
Calculate the remainder when 321 is divided by 25.
21
Calculate the remainder when 472 is divided by 45.
22
What is the remainder when 277 is divided by 15?
7
What is the remainder when 215 is divided by 103?
9
What is the remainder when 623 is divided by 16?
15
What is the remainder when 957 is divided by 469?
19
Calculate the remainder when 18 is divided by 6.
0
Calculate the remainder when 2547 is divided by 2528.
19
What is the remainder when 382 is divided by 32?
30
Calculate the remainder when 211 is divided by 24.
19
What is the remainder when 38 is divided by 36?
2
Calculate the remainder when 19513 is divided by 15.
13
Calculate the remainder when 93 is divided by 34.
25
Calculate the remainder when 24440 is divided by 97.
93
Calculate the remainder when 1095 is divided by 55.
50
What is the remainder when 31 is divided by 17?
14
Calculate the remainder when 36 is divided by 19.
17
What is the remainder when 1212 is divided by 147?
36
Calculate the remainder when 68 is divided by 26.
16
What is the remainder when 119 is divided by 12?
11
Calculate the remainder when 1388 is divided by 460.
8
What is the remainder when 24861 is divided by 12?
9
Calculate the remainder when 136 is divided by 28.
24
What is the remainder when 2911 is divided by 42?
13
Calculate the remainder when 314 is divided by 289.
25
What is the remainder when 90 is divided by 33?
24
Calculate the remainder when 142 is divided by 45.
7
What is the remainder when 912 is divided by 4?
0
What is the remainder when 400 is divided by 81?
76
Calculate the remainder when 489 is divided by 62.
55
Calculate the remainder when 938 is divided by 37.
13
What is the remainder when 181 is divided by 7?
6
Calculate the remainder when 6401 is divided by 2127.
20
What is the remainder when 1446 is divided by 71?
26
What is the remainder when 273 is divided by 23?
20
What is the remainder when 785 is divided by 66?
59
Calculate the remainder when 43 is divided by 11.
10
What is the remainder when 572 is divided by 47?
8
What is the remainder when 305 is divided by 82?
59
Calculate the remainder when 137 is divided by 23.
22
Calculate the remainder when 260 is divided by 128.
4
Calculate the remainder when 4964 is divided by 36.
32
What is the remainder when 396 is divided by 134?
128
Calculate the remainder when 37 is divided by 10.
7
Calculate the remainder when 45 is divided by 12.
9
Calculate the remainder when 120 is divided by 18.
12
What is the remainder when 422 is divided by 205?
12
What is the remainder when 242 is divided by 64?
50
Calculate the remainder when 107 is divided by 37.
33
Calculate the remainder when 239 is divided by 20.
19
Calculate the remainder when 222 is divided by 25.
22
Calculate the remainder when 118 is divided by 40.
38
What is the remainder when 5992 is divided by 81?
79
What is the remainder when 237 is divided by 48?
45
Calculate the remainder when 1273 is divided by 179.
20
What is the remainder when 96 is divided by 21?
12
What is the remainder when 2967 is divided by 739?
11
What is the remainder when 2210 is divided by 28?
26
What is the remainder when 3481 is divided by 52?
49
What is the remainder when 188 is divided by 24?
20
What is the remainder when 7808 is divided by 93?
89
What is the remainder when 1949 is divided by 61?
58
Calculate the remainder when 237 is divided by 14.
13
Calculate the remainder when 75 is divided by 53.
22
What is the remainder when 91 is divided by 61?
30
What is the remainder when 53 is divided by 15?
8
Calculate the remainder when 782 is divided by 29.
28
Calculate the remainder when 483 is divided by 103.
71
Calculate the remainder when 358 is divided by 121.
116
Calculate the remainder when 1016 is divided by 329.
29
Calculate the remainder when 86 is divided by 23.
17
What is the remainder when 417 is divided by 134?
15
What is the remainder when 263 is divided by 239?
24
Calculate the remainder when 2538 is divided by 10.
8
Calculate the remainder when 114 is divided by 106.
8
Calculate the remainder when 1019 is divided by 14.
11
Calculate the remainder when 5313 is divided by 190.
183
Calculate the remainder when 569 is divided by 41.
36
What is the remainder when 119 is divided by 8?
7
Calculate the remainder when 274 is divided by 68.
2
What is the remainder when 373 is divided by 115?
28
Calculate the remainder when 15994 is divided by 17.
14
What is the remainder when 25 is divided by 7?
4
Calculate the remainder when 920 is divided by 227.
12
Calculate the remainder when 1993 is divided by 21.
19
What is the remainder when 473 is divided by 32?
25
Calculate the remainder when 3151 is divided by 38.
35
What is the remainder when 102 is divided by 35?
32
Calculate the remainder when 1542 is divided by 111.
99
What is the remainder when 378 is divided by 20?
18
What is the remainder when 55 is divided by 29?
26
What is the remainder when 934 is divided by 29?
6
Calculate the remainder when 369 is divided by 127.
115
What is the remainder when 955 is divided by 318?
1
Calculate the remainder when 67 is divided by 36.
31
What is the remainder when 2871 is divided by 48?
39
Calculate the remainder when 137 is divided by 67.
3
What is the remainder when 84 is divided by 17?
16
Calculate the remainder when 11985 is divided by 110.
105
What is the remainder when 940 is divided by 118?
114
What is the remainder when 228 is divided by 102?
24
Calculate the remainder when 330 is divided by 24.
18
Calculate the remainder when 353 is divided by 182.
171
What is the remainder when 113 is divided by 38?
37
What is the remainder when 834 is divided by 14?
8
What is the remainder when 3116 is divided by 12?
8
Calculate the remainder when 1933 is divided by 159.
25
Calculate the remainder when 396 is divided by 120.
36
Calculate the remainder when 1947 is divided by 75.
72
Calculate the remainder when 226 is divided by 46.
42
Calculate the remainder when 105 is divided by 51.
3
Calculate the remainder when 352 is divided by 53.
34
Calculate the remainder when 146 is divided by 49.
48
What is the remainder when 4102 is divided by 142?
126
Calculate the remainder when 2902 is divided by 171.
166
Calculate the remainder when 517 is divided by 87.
82
What is the remainder when 588 is divided by 35?
28
What is the remainder when 632 is divided by 312?
8
What is the remainder when 103 is divided by 46?
11
Calculate the remainder when 414 is divided by 215.
199
What is the remainder when 1443 is divided by 19?
18
Calculate the remainder when 492 is divided by 179.
134
What is the remainder when 1146 is divided by 232?
218
Calculate the remainder when 492 is divided by 7.
2
What is the remainder when 1443 is divided by 360?
3
What is the remainder when 165 is divided by 20?
5
What is the remainder when 121 is divided by 63?
58
Calculate the remainder when 1252 is divided by 45.
37
Calculate the remainder when 1009 is divided by 4.
1
Calculate the remainder when 1624 is divided by 27.
4
What is the remainder when 14741 is divided by 39?
38
What is the remainder when 2105 is divided by 162?
161
Calculate the remainder when 5779 is divided by 85.
84
What is the remainder when 